st common factor of 63067106 and 6386?
206
What is the greatest common divisor of 21997092 and 39?
39
What is the highest common factor of 945 and 43044?
3
What is the greatest common factor of 972 and 28730376?
972
Calculate the highest common factor of 844822 and 2299.
121
What is the greatest common factor of 9855 and 16159280?
365
What is the greatest common factor of 73340 and 93700?
20
What is the highest common divisor of 306 and 1082832?
102
Calculate the greatest common factor of 135 and 16031169.
27
What is the highest common divisor of 2589 and 206257863?
2589
Calculate the greatest common factor of 16892 and 29356.
164
What is the greatest common factor of 31928 and 1189344?
104
What is the highest common factor of 4650 and 4526000?
1550
What is the greatest common factor of 692325 and 657?
9
Calculate the greatest common factor of 5902 and 702137332.
5902
What is the highest common divisor of 20832 and 2612112?
48
Calculate the greatest common divisor of 24812922 and 1062.
354
What is the greatest common divisor of 303014815 and 191?
191
Calculate the greatest common factor of 20 and 12702575.
5
What is the greatest common factor of 112881 and 12033573?
573
Calculate the highest common factor of 47371 and 496463.
373
What is the highest common factor of 1236 and 262115327?
103
What is the highest common divisor of 9693 and 897271317?
9693
Calculate the greatest common divisor of 272172055 and 95.
95
Calculate the greatest common factor of 603 and 80663511.
201
What is the greatest common factor of 2013 and 397321914?
2013
Calculate the highest common divisor of 16371 and 330309.
963
Calculate the greatest common factor of 98 and 31202.
2
Calculate the highest common factor of 49 and 13731060.
7
Calculate the highest common divisor of 6075237 and 546.
21
What is the highest common divisor of 1 and 20427309?
1
Calculate the greatest common factor of 63 and 1181089.
7
What is the greatest common divisor of 459 and 188109?
27
What is the greatest common divisor of 13247982 and 45738?
594
What is the highest common divisor of 12995417 and 1333?
1333
Calculate the greatest common divisor of 460238 and 1193542.
1282
What is the highest common divisor of 150 and 78800?
50
Calculate the greatest common divisor of 18 and 132102468.
18
What is the greatest common divisor of 1616046 and 74?
2
What is the greatest common divisor of 7599663 and 17901?
1377
What is the highest common divisor of 26 and 7698268?
2
Calculate the highest common factor of 49320647 and 3479.
71
What is the greatest common factor of 552682 and 53534?
754
What is the greatest common divisor of 3288 and 44498148?
1644
What is the highest common factor of 11596719 and 3333?
303
What is the highest common factor of 819 and 7665315?
21
Calculate the greatest common factor of 10849309 and 68710.
6871
Calculate the greatest common factor of 592003 and 478.
239
Calculate the highest common factor of 1086790 and 3247.
191
Calculate the highest common divisor of 72395653 and 55.
11
What is the greatest common divisor of 38236032 and 54?
18
What is the highest common divisor of 1099888032 and 1632?
1632
Calculate the highest common factor of 204 and 59906742.
102
What is the highest common divisor of 289636057 and 57?
19
Calculate the greatest common divisor of 308 and 21614054.
154
What is the highest common divisor of 292 and 140086124?
292
What is the highest common divisor of 93 and 60795929?
31
What is the highest common factor of 13344 and 125856?
96
What is the greatest common divisor of 356239 and 945035?
871
Calculate the highest common divisor of 290705680 and 432.
16
What is the highest common factor of 2403 and 1934949?
267
Calculate the highest common factor of 225898 and 520174.
358
What is the greatest common factor of 6449 and 4497?
1
What is the highest common divisor of 488012823 and 2718?
1359
What is the highest common factor of 668 and 177384060?
668
What is the greatest common factor of 35314374 and 10506?
618
Calculate the highest common factor of 605572 and 29436.
44
What is the highest common divisor of 60795 and 23670?
45
Calculate the highest common divisor of 2210098 and 132.
22
Calculate the highest common divisor of 3660546 and 709626.
7026
What is the highest common divisor of 750 and 917370?
30
What is the greatest common factor of 19 and 34212559?
19
Calculate the greatest common factor of 135522 and 80874.
18
What is the greatest common divisor of 16 and 20076866?
2
Calculate the highest common factor of 101 and 26317469.
101
What is the greatest common divisor of 860300 and 4000?
100
Calculate the greatest common divisor of 1378290268 and 236.
236
Calculate the highest common divisor of 2 and 11386756.
2
Calculate the highest common divisor of 198 and 196183306.
22
Calculate the highest common factor of 387 and 11507531.
43
What is the greatest common factor of 1053 and 5619198?
39
What is the highest common factor of 64335291 and 2454?
1227
What is the highest common divisor of 1676 and 62558?
2
What is the greatest common factor of 16126 and 4088674?
1466
Calculate the highest common divisor of 72941934 and 102.
102
Calculate the greatest common divisor of 38 and 743105618.
38
Calculate the greatest common factor of 22162 and 78862.
14
Calculate the highest common factor of 899841 and 1740.
87
What is the highest common divisor of 49089760 and 970?
970
Calculate the highest common factor of 1883 and 123288618.
269
What is the highest common divisor of 13256 and 8552?
8
Calculate the greatest common divisor of 473458 and 8.
2
What is the highest common divisor of 2806 and 825330?
122
Calculate the greatest common divisor of 146 and 2946718.
146
What is the greatest common factor of 116382215 and 2170?
155
What is the greatest common factor of 1438096 and 83776?
176
Calculate the highest common factor of 492 and 35861019.
123
Calculate the highest common factor of 27118 and 86341775.
1937
What is the highest common factor of 442100 and 1300?
100
Calculate the highest common factor of 13200 and 3406480.
880
What is the highest common divisor of 8680 and 436?
4
What is the greatest common factor of 1337556 and 121?
11
What is the greatest common divisor of 154557381 and 11913?
627
Calculate the greatest common divisor of 2240 and 571480.
280
What is the greatest common factor of 3405919 and 506?
11
What is the greatest common divisor of 1381594 and 53622?
662
Calculate the greatest common factor of 2159138 and 22.
2
Calculate the greatest common factor of 351186 and 27302.
374
Calculate the highest common divisor of 191 and 19655810.
191
Calculate the greatest common divisor of 134458 and 72364.
158
What is the greatest common divisor of 78 and 58396494?
78
What is the highest common divisor of 8653818 and 237?
237
What is the highest common divisor of 51673384 and 56?
56
What is the greatest common divisor of 4290 and 1447030?
130
Calculate the highest common factor of 1080 and 350005080.
120
What is the highest common divisor of 47 and 25969991?
47
What is the highest common factor of 297 and 1049752?
11
Calculate the greatest common factor of 4278933 and 13357.
361
What is the greatest common factor of 2775 and 10937385?
555
What is the highest common factor of 4196396 and 9292?
92
Calculate the greatest common divisor of 7981676 and 103.
103
Calculate the greatest common factor of 655981 and 371.
53
Calculate the greatest common factor of 58 and 9545727.
29
What is the greatest common factor of 225 and 779439015?
45
What is the greatest common divisor of 91715925 and 28816?
1801
Calculate the highest common divisor of 31686622 and 88.
22
What is the highest common divisor of 26715 and 2225565?
2055
Calculate the greatest common divisor of 2576 and 226359882.
322
What is the greatest common factor of 127725 and 5925?
75
Calculate the greatest common factor of 32320 and 10758116.
404
What is the highest common factor of 84952 and 118817508?
6068
Calculate the highest common divisor of 376261 and 30838.
17
What is the highest common factor of 396 and 135234972?
36
What is the highest common divisor of 18 and 36986535?
9
What is the greatest common divisor of 3441 and 114740145?
3441
Calculate the greatest common divisor of 307 and 1665168.
3